g?
1
Let d = -176 - -313. What is the hundreds digit of d?
1
What is the units digit of 7*(-7)/28*-1*52?
1
Suppose -3*m - 5*k = -31, 2*k = m + 4*k - 12. Let q = m + -1. What is the tens digit of -4*((-14)/4 + q)?
1
Let y(p) = p**2 - 7*p - 6. Let v = -1 + 12. What is the tens digit of y(v)?
3
Let k = 654 + -408. What is the tens digit of k?
4
Suppose 2*d = 8, 2*l + d - 2 = -10. Let h be 10/l*(-18)/(-6). Let j(n) = n**2 + 5*n + 7. What is the units digit of j(h)?
7
Suppose -r - 3 = 2*r. Let l = r - -2. What is the tens digit of (-1)/(l*(-3)/33)?
1
Let i = -138 - -204. What is the tens digit of i?
6
Suppose 26 = 7*w - 23. Suppose c - 2*c = -2. Suppose -95 = -w*h + c*h. What is the units digit of h?
9
Let i = -156 + 241. Suppose 255 = 5*b + i. What is the tens digit of b?
3
Let j = 1110 - 690. What is the units digit of j?
0
Suppose 0 = g - 3*f + 2*f - 70, 4 = -4*f. What is the units digit of g?
9
Let w(o) = 22*o**2 - 2*o + 1. What is the units digit of w(1)?
1
Let n(w) = -3*w - 2*w - 5 - w**2 - 4*w + 2*w. Let z be n(-5). Suppose 4*f - 5*m - 7 = 0, f = -3*f - z*m + 57. What is the units digit of f?
8
Let k = -11 + 27. Suppose 7*s + k = 8*s. What is the units digit of s?
6
Suppose -4*h + 3*h = 12. Let d = h - -17. What is the units digit of d?
5
What is the hundreds digit of (-204)/3*10/(-4) - -3?
1
Let x(i) = 3*i + 1. Let s be x(1). Let k = 3 + s. What is the units digit of k?
7
Let c be (1 - 1)/4 - -10. Let x(h) = -h**2 + 12*h - 2. What is the units digit of x(c)?
8
What is the tens digit of 275/5 - (-3 + -1)?
5
Let b = 144 - 33. What is the tens digit of b?
1
Let d(x) = x + 11. Let m be d(-8). Suppose 4*t + j = 6 + 2, 25 = m*t - 4*j. Let n = t + -1. What is the units digit of n?
2
What is the tens digit of (-65)/(-4) + 12/(-48)?
1
Suppose 2 = 3*d - 5*p + 3, 3*d - 2*p = 5. Let r(y) = -4*y**2 + 0*y**3 - 5*y + 3 + y**d + 7*y**2. What is the units digit of r(-4)?
7
Let s = -10 + 15. Let k be (-16)/(-10) - (-8)/20. Suppose 6*b - j = k*b + 28, -2*j - 32 = -s*b. What is the units digit of b?
8
Let f = 180 - 33. What is the units digit of f?
7
Suppose w - 4*f = -2*w + 279, 179 = 2*w - 5*f. What is the tens digit of w?
9
Let v be -7*-4*(-12)/(-14). What is the units digit of ((-2)/12)/((-4)/v)?
1
Suppose -15 + 103 = j. What is the tens digit of j?
8
Let a(o) = -o**3 + 8*o**2 + o - 2. Let y be a(8). Suppose y*d - d = 175. What is the units digit of d?
5
Suppose 3*k + f + 50 = 4*k, 112 = 2*k + 4*f. What is the tens digit of k?
5
Let v be 0 - (43 + (0 - -3)). Let n = 85 + v. What is the units digit of n?
9
Let x(p) = p**3 + 10*p**2 - 15*p + 9. What is the units digit of x(-11)?
3
Let m(q) = -98*q + 2. What is the units digit of m(-1)?
0
Suppose -18*n = -14*n - 200. What is the tens digit of n?
5
Let m(n) = 125*n**2 + n + 1. Let r be m(-1). Suppose 2*z + 3*z = r. Suppose -2*s = -7*s + z. What is the units digit of s?
5
Suppose b + 0*b = 33. What is the units digit of b?
3
Suppose 0 = -4*u + u + 12. Suppose -u*o + 15 = -3*o. What is the tens digit of o?
1
Let r = 57 - 6. What is the tens digit of r?
5
Suppose -2*o = 5*r + 51 - 17, -40 = 3*o + 2*r. Let w = o + 34. What is the tens digit of w?
2
Let z = -7 - -7. Suppose z = -v - 0*v - 10. What is the units digit of 0/(-2) - v/2?
5
Let g = 429 - 171. What is the tens digit of g?
5
Suppose 4*s - 348 = -2*z, 0 = 6*z - 4*z - 3*s - 320. What is the tens digit of z?
6
Let y(u) be the first derivative of -u**4/4 - u**3 + 3*u**2 + 4*u + 3. Let t be y(-4). Let w = t - -9. What is the units digit of w?
5
Let w(c) = c**3 - 3*c**2 + 11*c + 3. What is the tens digit of w(5)?
0
Let a(n) = -n - 2. Let k be a(10). What is the units digit of 80/13 + k/78?
6
Let k be -18*7/((-84)/(-32)). What is the units digit of (k/15)/(3/(-15))?
6
Let z(p) = 4*p + p**2 - 5*p - 6 - p - 3*p. What is the tens digit of z(9)?
3
Let t(u) be the second derivative of -u**5/20 + u**4/2 - 5*u**3/6 - 3*u**2/2 + u. Let y(b) = b**2 - 3*b - 6. Let r be y(5). What is the units digit of t(r)?
9
Let i = 79 + -29. What is the tens digit of i?
5
Let p(g) = -g**3 + 3*g**2 + 2*g + 2. Suppose 2*f - 12 = -2*w, 0 = f + w + 2*w - 12. What is the units digit of p(f)?
8
Let k(x) = -x + 1. Let n(d) = 2*d - 1. Let r(z) = 3*k(z) + n(z). Let v be r(2). What is the units digit of 1 + (1 - v/(-2))?
2
Let m be 17/4 + 3/(-12). Suppose m*j - 2*o - 9 = -1, -5*o + 19 = 3*j. What is the units digit of j?
3
Let s(b) be the second derivative of -b**4/12 + b**3/6 - 2*b**2 + 3*b. Let m(o) be the first derivative of s(o). What is the units digit of m(-6)?
3
Let y(c) = c - 1. Let z(p) = 32*p - 28. Let v(q) = -56*y(q) + 2*z(q). Let k be (1 - 2) + (-9)/(-3). What is the units digit of v(k)?
6
Suppose -2*l + 17 = -l + 4*z, 4*z - 54 = -2*l. What is the tens digit of l?
3
Suppose k = 3*k - 3*s - 7, 2*k - 3 = -s. Suppose -4*m + 8 = -k*m. What is the units digit of m?
4
Let b(v) = -v**2 + 3. Let s be b(3). Let c = s - -7. What is the units digit of c?
1
Suppose -5*f - 2 = -17. Let i(v) = v**3 + 3*v - 3. Let s be i(2). Suppose 4*o = -f*r - 0*r + s, 5*r = -4*o + 5. What is the units digit of o?
5
Suppose -2*g + 11 = -3*y + 220, -2*g - 142 = -2*y. What is the units digit of y?
7
Suppose -4*m - 5*p = -194, -p + 104 = 2*m - 2*p. Let a = -28 + m. What is the units digit of a?
3
Suppose -4*a + 6 = -2*o, a - 3*o - 6 - 3 = 0. Suppose a = s + 2*t + 11 - 4, 4*t + 20 = 0. What is the units digit of s?
3
Let o = -2 - -5. Let t be 56/(-21)*o/(-2). Suppose -t*k = k - 65. What is the tens digit of k?
1
Suppose -3*g + 6 + 3 = 0, -4*f = -5*g - 881. What is the hundreds digit of f?
2
Let l = -23 + 39. What is the units digit of (4/(-2) - -2) + l?
6
Let a(m) = -m**3 - 14*m**2 + 2*m + 17. Let l be a(-14). Let n = 36 + l. What is the tens digit of n?
2
What is the units digit of 0 + (0 + -3)*-9?
7
What is the units digit of (-12)/9 + 392/6?
4
What is the tens digit of 377 - 1 - (29 + -31)?
7
Let k(m) = -m + 2. Let y be k(0). Let i(v) = 3 - 1 + 2*v**2 + 1 + y*v. What is the units digit of i(-3)?
5
Suppose -86 = -2*s + 5*w, -s - 4*w + 43 = -0*s. What is the tens digit of s?
4
Suppose 5*k + 4*f = 6, 4*k + f + 28 = 6*f. Let r = k + 5. Let g = r + 4. What is the units digit of g?
7
Let l(x) = -x - 2. Let a be l(-3). Let z be (-6)/((4 - a) + -2). Let m = z + 8. What is the units digit of m?
2
Let z = -240 - -444. What is the units digit of ((-4)/6)/((-8)/z)?
7
Let v(c) = 2*c**3 - 6*c**2 - 7*c + 9. What is the tens digit of v(6)?
8
Let p = -64 + 117. Suppose 5*z + p = 3*x + z, -5*z = x + 14. What is the units digit of x?
1
Let v(o) = -o + 11. Suppose 8 = -3*n + 35. What is the units digit of v(n)?
2
What is the tens digit of 1/(-2 - 166/(-82))?
4
Suppose -5*i + 8*i = 0. Suppose s = -i*w + w - 18, -33 = -2*w + 3*s. What is the units digit of w?
1
Suppose -57 = b - 4*b. What is the tens digit of b?
1
Let z(v) = v**2 - 3*v - 5. Let r be z(4). Let q(w) = -8*w - 10*w**3 - 8*w**3 + 8*w - w**2. What is the tens digit of q(r)?
1
Let s(p) = -30*p**3 + 24*p**2 + 24*p + 24. Let w(y) = -y**3 + y**2 + y + 1. Let q(n) = s(n) - 24*w(n). What is the units digit of q(-1)?
6
Let z(k) = 4*k**2 - k + 1. Let i be z(2). What is the tens digit of -1 + i + 0 - -1?
1
Suppose 5*g + j - 51 = 3*j, 3*j + 38 = 4*g. What is the tens digit of g?
1
Suppose 4*k = 3*k. Let q = k - 1. What is the units digit of 0/(-3 + 1) - q?
1
Let x(c) = c**2 - 3*c - 2. Let t be x(-3). Suppose -5*y = 2*g - 10, -2*g - y - 2*y + 14 = 0. Let f = t - g. What is the units digit of f?
6
Suppose 0 + 2 = w. What is the units digit of (-31)/(-2)*1*w?
1
What is the units digit of 17738/(-49)*((-2)/4 - 0)?
1
Suppose 4*g = 2*r, 5*g - g - 4 = 0. Suppose 2*a = -r*a + 12. Suppose -a*d + 10 = -11. What is the units digit of d?
7
Suppose h - 8 - 2 = 0. Suppose -h = 5*x - 0*x. What is the units digit of ((-28)/(-8))/((-1)/x)?
7
Let c = 611 + -394. What is the hundreds digit of c?
2
Let o = -16 + 50. What is the units digit of o?
4
Suppose -q = 3*n - 25, -2*q + 17 + 22 = -5*n. Suppose u = -3*d + 4*d - 8, -5*u - q = d. Suppose d*y = 7 - 1. What is the units digit of y?
2
Suppose -6*p + 2*p = -4. Let c be (8/20)/(p/(-15)). What is the units digit of 2/(-3)*45/c?
5
Let h(z) = -5*z**2 + z**3 - 5*z + 3 + 6 + 0*z**3 - 1. Let r = 19 + -13. What is the units digit of h(r)?
4
Let f(y) = -5*y - 